uppose 3*f - 3*c + 18 = 1551, f = -2*c + 520. Let j = -345 + f. Is j a composite number?
True
Let m = -4 + 17. Is m a composite number?
False
Suppose 55 = -2*f + 301. Suppose -f = -d + 4*s, s = -d + 6*s + 124. Is d composite?
True
Let z(n) = 0*n + 1 + 5*n**2 + 3*n**2 - 2*n. Is z(-2) composite?
False
Let u(p) = 7*p**3 - 4*p**2 + 5*p - 3. Is u(5) composite?
False
Suppose -2*l = -4 - 2. Let o be 68/(-2)*l/(-2). Suppose o = 4*m + 15. Is m a composite number?
True
Let l be 2*-1 + (-15)/5. Let a = 3 + l. Is (0 + -1)/(a/38) composite?
False
Suppose 0 = 2*k - 2 - 2. Suppose 2*x - 36 = -k*x. Is x prime?
False
Is 5/(-1) + 880 + -6 composite?
True
Let s(o) = o + 11. Let j be s(-8). Is -3 - (-2 + j - 41) a prime number?
True
Let c(g) = -g**3 - 2*g**2 + 3*g + 3. Let o = 6 - 12. Is c(o) a prime number?
False
Suppose -2 = 2*h - 0*h, 0 = -p - h + 338. Is p a composite number?
True
Let q(p) = p**3 + 5*p**2 - p - 6. Let k be q(-5). Let v be k/(-2) + 1/(-2). Suppose u - 5 = r - 3*u, v = -4*r - 3*u + 37. Is r prime?
True
Suppose 0*d = 2*d. Suppose d = -3*q + 5*q + 8, 3*o - 14 = -q. Suppose 0 = i + o - 20. Is i prime?
False
Let j be 34/4 + 3/6. Let h = -5 + j. Suppose -s + 40 = 5*a - 225, 3*s = h*a - 212. Is a composite?
False
Let x(m) = m**3 + 12*m**2 - 14*m + 2. Let h be x(-10). Let d = 629 - h. Is d a composite number?
True
Let r be ((-1)/3)/((-2)/6). Suppose -4*b = -7 - r. Suppose 4*y = -5*f + 749, -4*y + 313 = b*f + 11. Is f a prime number?
True
Suppose 0 = -4*i + i + 12. Suppose -5*l - 5*g + 480 = 0, 0 = l + i*g - 110 + 17. Is l a prime number?
True
Suppose 0 = 2*h + 2*h - 16. Suppose -h*q + 5*a + 1056 = 0, 64 + 725 = 3*q - 3*a. Is q a prime number?
False
Suppose -p = -4*p. Let b = -41 - -20. Let q = p - b. Is q prime?
False
Let v(k) = -k**2 - 8*k + 3. Let t be v(-8). Suppose 18 = -t*c - 12. Is (-4)/c + 346/10 composite?
True
Suppose 3*m = -2*k - 4 - 4, 0 = m - 2*k + 8. Let q(f) = f**2 - 4*f - 9. Is q(m) prime?
True
Let y(v) = 290*v**3 + v**2 - 2*v + 1. Let h be y(1). Suppose -u + h = u. Is u composite?
True
Is 20/25 + 783/15 a composite number?
False
Is (-550)/(-12) + (-2)/(-12) composite?
True
Suppose -c + 4*w = -117, 2*w - 1 = 7. Is c a prime number?
False
Let o = 5 - 2. Let y be (3 - o)/(3/(-3)). Suppose -3*t + 4*t - 13 = y. Is t a prime number?
True
Let f = 0 + -4. Is 275/15 + f/(-6) a composite number?
False
Let p be 2*(-1 - (0 - -2)). Is (-234)/(-2) + 8 + p a prime number?
False
Let m = 37 - -214. Is m a prime number?
True
Let u(s) = -6*s + 1. Suppose -20 = 2*c + 2*z + 2*z, -c + 2*z + 2 = 0. Let y be u(c). Suppose y = 2*h - h. Is h prime?
False
Suppose -5*o + 39 = -36. Suppose v = b + o, 2*v - 3*b = -0*v + 31. Is v composite?
True
Suppose 280 = -3*m + 5*m. Suppose 0 = -5*r + 360 + m. Let w = 147 - r. Is w a composite number?
False
Let z = 10 - 2. Let w(f) = -5*f - 3. Let t be w(5). Is (-942)/(-14) + z/t a prime number?
True
Let z = 545 + -376. Is z composite?
True
Let p = 89 + -30. Is p a composite number?
False
Suppose 3*k - 4*k + 453 = 0. Suppose k = g + 3*i, 3*g - 3*i - 1084 - 263 = 0. Is 2/4 + g/12 a composite number?
True
Let o = 24 + -26. Is (-3)/((-6)/(-223))*o a prime number?
True
Let d = 14 - -16. Let a = d - -13. Is a a composite number?
False
Let d = 172 - 474. Let q = -111 - d. Is q prime?
True
Let a(b) be the third derivative of b**8/6720 - b**7/2520 - b**6/360 - b**5/15 + b**2. Let l(r) be the third derivative of a(r). Is l(-3) a prime number?
True
Let f(x) = -52*x - 27. Is f(-10) a prime number?
False
Let i = 20 - 14. Is (-9)/(-6)*868/i prime?
False
Suppose -n - 3*n = -16, 4*v + 5*n = 1624. Is v a composite number?
False
Suppose -4*v + 169 = -731. Let d = v + -136. Is d prime?
True
Let k(f) = -f**2 + 2*f + 127. Is k(0) a composite number?
False
Suppose -c = 2*c - 1137. Is c a prime number?
True
Suppose -3*u = -1086 - 1611. Let g = -532 + u. Is g a prime number?
True
Suppose -3*y + 27 = -84. Let q be -12 - 3/((-3)/(-2)). Let h = y + q. Is h a composite number?
False
Let x = -639 + 1288. Is x prime?
False
Suppose -13812 = -3*a - 9*a. Is a a composite number?
False
Let h(g) = g**2 + 17*g. Let q be h(-17). Suppose q*k = k - 205. Is k composite?
True
Suppose 2*y = i + 53, -2*i - 3 = -i. Suppose 15 = -3*l, y = -4*w - w - 5*l. Is 91/2*(w + 2) a composite number?
True
Let t(g) = g**3 + 10*g**2 + 11*g - 4. Let m be t(-8). Let n be m - (-2 + (1 - -2)). Let h = n - -18. Is h composite?
False
Let a be (-20)/(-11) - 2/(-11). Let b(p) = 6*p - 1 + 16*p**2 + a*p**2 - 4*p. Is b(1) a composite number?
False
Let l = -4 + 8. Suppose -l*b + b = -12. Suppose -5*o = 4*n - 99, -b*n + 76 + 68 = -4*o. Is n a prime number?
True
Let q(t) = -t**2 + 9*t - 5. Let v be q(5). Suppose 5*g - 39 = -4*i - 12, i + 4*g = v. Is i a composite number?
False
Let x = 719 - 274. Is x prime?
False
Let w be 0 + 2 + -1 + 35. Is (-169)/(-9) + 8/w composite?
False
Suppose -c = -5*o - 24, 3*o - 41 + 5 = -5*c. Let x = 1 + c. Is x composite?
True
Let k(m) = 6*m**3 - 4*m + 15. Is k(5) a prime number?
False
Suppose 3*s + 2 = 14. Suppose -s*h - 7 = t, 3*h - 1 = -t - 3. Is t a composite number?
False
Let r = -872 + 1251. Is r a composite number?
False
Let f(y) = y + 7. Let w be f(-3). Suppose 0 = -s + w*s + 2*u - 120, -4*u + 80 = 2*s. Suppose 2*n + k - s = -n, 0 = 5*k + 10. Is n prime?
False
Let p = -5 + 4. Let u(x) = -5*x - 1. Is u(p) a composite number?
True
Suppose -2*l + 62 + 42 = 0. Let m = l - 26. Is m prime?
False
Let r(g) = -54*g + 1. Let n be (6/(-4)*2)/1. Is r(n) composite?
False
Suppose -3*y - n = -97, -4*n = 2*y - 86 + 28. Suppose 0 = g - 32 - y. Is g a composite number?
True
Let r = 8 - 6. Is -185*(-1)/(r + -1) a composite number?
True
Let j = 74 + -21. Is j prime?
True
Let i(n) = -19*n + 5. Let t be i(8). Let w be 2/8 - t/(-12). Is 177/w*(-8)/2 prime?
True
Let l(t) = 3*t**2 - 9*t - 4. Let c(j) = -j**2 + 4*j + 2. Let k(p) = -5*c(p) - 2*l(p). Let f be k(6). Let q = -13 - f. Is q composite?
False
Let f = 26 - 7. Suppose -75 - f = -2*s. Is s composite?
False
Suppose -4*f = -3*o + 2*o + 8, 124 = 5*o + f. Suppose 3*p - 69 = -o. Is p a prime number?
False
Let d be 2 + 1 - (-4 - -2). Suppose 4*w = 4*v - 352, -2*w + d*w = -2*v + 181. Is v a prime number?
True
Suppose 0 = 5*x + 4*l - 497, x - 2*l + 3*l = 100. Is x prime?
True
Let v = -14 - 18. Let k be (1 + 0/5)*-53. Let z = v - k. Is z composite?
True
Suppose 3 = 3*t + 39. Let g(k) = 3*k**2 + 3*k - 17. Is g(t) composite?
False
Suppose 21050 = 17*i - 10281. Is i a composite number?
True
Let g = 13 - 9. Let s(w) = -w**2 + 4*w + 2. Let m be s(g). Suppose -k - 33 = -o - 2*k, -5*o + 177 = m*k. Is o prime?
True
Is 5/(5/3) - -88 prime?
False
Suppose 4*a + 24 = 2*n, -4*n - a + 12 = -0*n. Suppose -k = -n*k - 3. Is 10 + k + 1 + 1 a prime number?
True
Let m(z) = 8*z**2 + 1. Let d be m(1). Suppose 0 = -2*j + d - 1. Suppose -x + j*p + 35 = 0, 2*x = -p + 6*p + 73. Is x a prime number?
False
Let j = -4 + 4. Suppose -s + z = j, -2*s + 2*z + 24 = 6*z. Is s prime?
False
Is ((-55)/15 - -3)/((-2)/1347) prime?
True
Suppose -m = 4*u - 17522 - 7854, 0 = -5*m + 20. Is u prime?
True
Let n(d) = -11*d + 31. Is n(-21) a prime number?
False
Let f be (-3)/(-18)*26*3. Suppose 0*b = b - f. Suppose 1 = 4*q + b, -4*q = 3*j - 30. Is j prime?
False
Let l = -7603 + 12230. Is l composite?
True
Let x(n) = n**3 - 14*n**2 + 14*n - 13. Let f be x(13). Suppose f = -4*z - z + 2905. Is z a prime number?
False
Let c = -277 - -436. Suppose c = -m + 695. Is (-6)/(-4)*m/12 a prime number?
True
Suppose 0 = y - 14 - 91. Suppose 2*u = 19 + y. Is u prime?
False
Let s be (2/(-5))/(2/(-60)). Suppose 4*q = -3*n + s, n + 3 = q + 2*n. Suppose 2*t + 5*a = 90, -t - q*a - 163 = -6*t. Is t prime?
False
Is -79*(-4)/(-8)*-2 a prime number?
True
Let v be 36/27*(-1 + -2). Let u be ((-18)/8)/(v/(-16)). Is (-1901)/u - (-18)/(-81) a composite number?
False
Suppose 5*j - 2 - 141 = -3*h, -5*h - 20 = 0. Let r be (-988 + 4)/(-3) - 3. Suppose j = 4*c - r. Is c a prime number?
True
Let i(m) = -m + 11. Let k be i(8). Suppose -k*b = -2*y - 0*b + 148, b = 2. Is y prime?
False
Is ((-679)/(-14))/(3/18) prime?
False
Is 62/(-3)*(-3)/2 prime?
True
Suppose -3*d - 20 = d. Let c be (168/10)/((-1)/d). Let z = c - 47. Is z composite?
False
Suppose -3 = -3*k + 2*k. Let j(m) = 38*m - 4. Let l be j(k). Suppose -7*r + 2*r 